he remainder when z(12) is divided by a?
9
Suppose 85 = 5*o + 5*f, 4*o = 4*f + 48 + 44. Calculate the remainder when 3299 is divided by o.
19
Let d(b) = b**2 + 17*b + 70. Calculate the remainder when 117 is divided by d(-11).
1
Suppose g = 5*q - 92, -3*q + g + 261 = 205. What is the remainder when 44 is divided by q?
8
Suppose -1 = -3*g - r + 28, g - 3*r = 3. Suppose -4478 - 1705 - 7257 = -336*q. Calculate the remainder when q is divided by g.
4
Suppose -2*q + 2423 + 317 = 0. What is the remainder when q is divided by 17 + (-6)/(-36)*6*-3?
12
Let j(i) = 221*i**2 + 11*i - 54. Calculate the remainder when j(3) is divided by 9.
6
Let k = 485 - 333. Let l(n) = n + 26. Let y be l(-19). Suppose y*s - 156 = 4*s. Calculate the remainder when k is divided by s.
48
Let c(x) = 2*x**3 - 8*x**2 - 5*x - 7. Let f(g) = -g**3 + 5*g**2 + 6*g - 4. What is the remainder when f(5) is divided by c(5)?
8
Suppose -5*v + 2*m = -468, 2*v - 2*m = -v + 284. Suppose -2*k = -36 - v. What is the remainder when k is divided by 1023/88 + (-5)/8?
9
Let k(v) = v**3 + 21*v**2 - 859*v + 24. Calculate the remainder when k(22) is divided by 51.
0
Let a be 3/(-6*(-2)/184). Let p(f) = -31*f - 2. Let x be p(-4). Suppose -a = 2*o - x. What is the remainder when o is divided by 13?
12
Let r be (-4)/(-6)*(-114)/4. Let s = 25 + r. Calculate the remainder when (-2772)/(-294) + (-3)/7 is divided by s.
3
Let j(p) = -2*p + 939 - 4*p - 923. Let g be j(2). Suppose 3*l = 2*b - 15, 0 = g*b - 5*b - 2*l - 3. What is the remainder when 12 is divided by b?
0
Let k = 1221166 - 1221122. Calculate the remainder when 30/9*366/4 is divided by k.
41
Let j = 1042 + -726. Suppose 74 = 6*o - j. Let y(h) = 3*h**2 + 4*h - 3. Calculate the remainder when o is divided by y(2).
14
Suppose 3*s + 11 - 8 = 0. Let d be 20/(5/(30/(-4))). What is the remainder when s/2 - d/4 is divided by 2?
1
Let l be (-30)/(-75)*10/1. Suppose -5*g + 0 + 15 = 5*h, h - l*g - 13 = 0. Suppose 0 = 4*s - h*s + 34. What is the remainder when 100 is divided by s?
32
Suppose -2*u - 66 = 180. Let z = u - -157. What is the remainder when z is divided by 9?
7
Let r = -716 + 1082. Calculate the remainder when r is divided by 8.
6
Suppose -210 = -3*s - 3*d, 22 = s + 4*d - 45. Suppose -3*g = -5*i + 32 + 20, -19*g + 4 = -20*g. What is the remainder when s is divided by i?
7
Suppose -4*w + 8*w = -12*w + 1024. What is the remainder when w is divided by 34?
30
Let m(o) = -13*o**2 + 412*o + 291. What is the remainder when 739 is divided by m(32)?
87
Suppose -958*c + 1032*c - 60310 = 0. What is the remainder when 3281 is divided by c?
21
Let u = -7402 + 8521. Calculate the remainder when u is divided by 70.
69
Suppose -6*t + 4166 = -2884. Calculate the remainder when t is divided by 42.
41
Let n(w) = 3*w + 3. Let h(z) = -z**3 - 4*z**2 + 12*z + 6. Let l be h(-6). What is the remainder when n(12) is divided by 29 - (l - 2) - 4?
18
Suppose 28*j - 84 = 28. Suppose -56 = -s - 2*m - 15, 0 = 3*s - 5*m - 90. Suppose j*k = s + 49. Calculate the remainder when k is divided by 6.
3
Let t be 4/(16/(-140))*(-15)/25. Let p = 115 - t. Let j(g) = -g**2 + 6*g + 3. Calculate the remainder when p is divided by j(3).
10
Suppose -5*j - 5*o + 139 + 1 = 0, 134 = 5*j + 2*o. What is the remainder when (-728)/273*78/(-4) is divided by j?
0
Let o be (-11904)/336 - (-2 + 11/7). Let w(p) = -p**3 - 36*p**2 - 39*p - 100. Let g = -46 - -67. Calculate the remainder when w(o) is divided by g.
19
Let q = 64 + -37. Let h be (-13)/((-65)/80)*(3 + 1). Let b = -57 + h. Calculate the remainder when q is divided by b.
6
Suppose 3*m = m - 2*b + 434, b = m - 215. Suppose 56 = -8*l + m. What is the remainder when 179 is divided by l?
19
Let c(w) = -w**3 - 2*w**2 + 20*w + 10. Let n be c(-6). Suppose 118 = 4*t - n. What is the remainder when 143 is divided by t?
29
Let u(c) = -219*c - 2491. Suppose 5*t - 40 = 3*t. What is the remainder when u(-12) is divided by t?
17
Let o = 18842 + -16808. Calculate the remainder when o is divided by 75.
9
Let u = -4332 - -4427. What is the remainder when 3227 is divided by u?
92
Let x = 101 - 43. Suppose 84*y + 99*y - 5730 = -8*y. Calculate the remainder when x is divided by y.
28
Suppose 26*x = 54*x - 25*x - 210. What is the remainder when 1747 is divided by x?
67
Suppose -315*u + 338*u - 15065 = 0. What is the remainder when u is divided by 330?
325
Suppose -9*s - 24*s + 132 = 0. Suppose 0 = q + i - 300, 2*q = -s*i + 6*i + 596. What is the remainder when q is divided by 30?
29
Let j(l) = 31*l + 17. Let u be j(10). Let c = u + -164. What is the remainder when c is divided by 28?
23
Let a be (-6)/30 - (0 - 324/20). Suppose 0 = -5*o - 5*h + 515, a*o + 95 = 17*o - h. Let c(v) = 9*v + 2. Calculate the remainder when o is divided by c(2).
19
Let v be (3 - (-8598)/34) + (-2)/(-17). Suppose g - 2*y = 88, 4*g - g - 4*y - v = 0. Calculate the remainder when g is divided by 27.
26
Let i be 2/(-3)*(-84)/1. Let x(k) = 18*k + 171. Let y be x(-12). Let f = i + y. What is the remainder when 41 is divided by f?
8
Let j(c) = c**3 + 5*c**2 - 6. Suppose -l = 3*p - 4*p + 3, -16 = 3*l + 4*p. Let g = 38 + -10. Calculate the remainder when g is divided by j(l).
8
Let u(f) = 40*f + 2. Let k be u(1). Suppose -2*h + k = -34. Let r(c) = 3*c**2 - 5*c - 50. What is the remainder when r(9) is divided by h?
34
Let d be 2 - (0 + 2)*-1. Suppose 4*m + d = 256. Let i = -472 + 485. What is the remainder when m is divided by i?
11
Let g(n) be the second derivative of n**5/5 - n**4/6 - 7*n**3/6 - 16*n + 1. What is the remainder when g(3) is divided by 25?
19
Let l be (6 - -70)/(4/66). Suppose l = 10*g + 47*g. Let s(x) = -2*x + 4. What is the remainder when g is divided by s(-5)?
8
Let t(g) = 2*g**3 + 61*g**2 + 355*g + 39. Calculate the remainder when t(-18) is divided by 82.
27
Let g(j) = -73*j - 69. What is the remainder when g(-8) is divided by 105?
95
Let i = -34829 + 35408. Calculate the remainder when i is divided by 149.
132
Suppose 5*h - 4 + 6 = 2*l, 0 = 2*l + 3*h - 34. Let u be 2*(-6)/4 + 221. What is the remainder when u/5 - (-30)/(-50) is divided by l?
10
Let l be 1/(3 + -2 + 0). Calculate the remainder when (-38)/(-323) - (19530/(-459) - (-4)/6) is divided by (l - 0)*1*11.
9
Suppose 2*g + 6 - 18 = 3*v, -2*v - g - 1 = 0. Let j(h) = 45*h**2 + 5*h + 8. Calculate the remainder when j(v) is divided by 4.
2
Suppose 17*q + 4358 = 12722. What is the remainder when q is divided by 275?
217
Let m be 1 - 400/(8/2) - -1. Calculate the remainder when 414 is divided by 4/(((-2)/4)/(637/m)).
50
Suppose 0 = -9*o + 1579 + 1301. Calculate the remainder when o is divided by 56.
40
Let i = 72 - 38. Suppose 3*s = -4288*x + 4292*x + 131, 2*x + 49 = s. Calculate the remainder when i is divided by s.
1
Let o = -26 + 124. Let n(s) = -7*s + 28. Let p be n(4). Suppose -5*a = d - 10*a - 20, p = 4*d - 4*a - 96. Calculate the remainder when o is divided by d.
23
Let j = 9764 + -9295. Calculate the remainder when j is divided by 264.
205
Suppose -442*p + 5324 = -431*p. Suppose 7*c = -4*c + p. What is the remainder when 129 is divided by c?
41
Let x(l) = l**2 + 17*l + 25. Let z be x(-16). Suppose -z*n - 45 = -4*n. Let k(q) = q**2 + 4*q - 42. Calculate the remainder when 13 is divided by k(n).
1
Suppose 4*c - 243 - 5339 = -2*m, 2*c - 4 = 0. What is the remainder when m is divided by 164?
163
What is the remainder when 6793 is divided by 14/140*-35*(-72)/21?
1
Let t be ((-6)/(-10))/((-42)/(-350)). Suppose -j + t*n + 42 = 0, -1 + 0 = n. What is the remainder when j is divided by 15?
7
Suppose 4*j + 2*o = 5*j - 11, -31 = -5*j + 2*o. Let t be (-1)/(32/34 + (4 - j)). Let d = 40 - t. What is the remainder when d is divided by 6?
5
Let w(h) = 10*h**3 + h**2 - 6*h + 5. Let d(u) = 2*u**2 + 20*u - 6. Suppose 0 = -4*l - 29 - 15. What is the remainder when w(2) is divided by d(l)?
13
Let d(i) = -3*i**2 - 39*i + 234. Let x(s) = -s**2 - 13*s + 77. Let b(j) = -6*d(j) + 17*x(j). What is the remainder when 70 is divided by b(-19)?
13
Let p(k) = -k**2 - 3*k + 3. Let a be p(1). What is the remainder when (a - (-17)/15) + (-776)/(-30) is divided by 3 + 1 - (-10 + 7)?
5
Let v(n) = 3*n**2 - 110*n + 570. What is the remainder when v(5) is divided by 21?
11
Let d = -5708 - -6147. Calculate the remainder when d is divided by 11.
10
Let g = -7